{"id":46,"date":"2023-07-01T19:22:29","date_gmt":"2023-07-01T17:22:29","guid":{"rendered":"http:\/\/localhost\/landgasthaus\/?page_id=46"},"modified":"2023-07-01T19:26:36","modified_gmt":"2023-07-01T17:26:36","slug":"speisen-getraenke","status":"publish","type":"page","link":"https:\/\/landgasthaus-von-kalnassy.de\/?page_id=46","title":{"rendered":"Speisen &#038; Getr\u00e4nke"},"content":{"rendered":"\n<h3 class=\"wp-block-heading\">Vorspeisen<\/h3>\n\n\n\n<blockquote class=\"wp-block-quote is-layout-flow wp-block-quote-is-layout-flow\">\n<p>Knoblauchbrot<br>W\u00fcrzleisch mit Brot<br>Toast \u00bbHawaii\u00ab<\/p>\n<\/blockquote>\n\n\n\n<h3 class=\"wp-block-heading\">Suppen<\/h3>\n\n\n\n<blockquote class=\"wp-block-quote is-layout-flow wp-block-quote-is-layout-flow\">\n<p>Br\u00fche mit Ei<br>Soljanka mit Brot<br>Champignoncremesuppe mit Toast<br>Tomatencemesuppe mit Toast<br>Gulaschsuppe mit Toast<br>Eintopf \u2014 <ins>nach Angebot<\/ins><\/p>\n<\/blockquote>\n\n\n\n<h3 class=\"wp-block-heading\">Vegetarische Gerichte<\/h3>\n\n\n\n<blockquote class=\"wp-block-quote is-layout-flow wp-block-quote-is-layout-flow\">\n<p>Salatteller<br>Toast \u00bbG\u00e4rtnerin\u00ab<br>Bratnudeln mit Ei<br>Kartoffelspalten mit Kr\u00e4uterquark<\/p>\n<\/blockquote>\n\n\n\n<h3 class=\"wp-block-heading\">F\u00fcr den kleinen Hunger<\/h3>\n\n\n\n<blockquote class=\"wp-block-quote is-layout-flow wp-block-quote-is-layout-flow\">\n<p>Bockwurst mit Brot<br>Knacker mit Brot<br>Currywurst mit Pommes<br>\u00bbStrammer Max\u00ab<br>Bauernplatte mit Hausschlachtewurst, Butter und Brot<\/p>\n<\/blockquote>\n\n\n\n<h3 class=\"wp-block-heading\">Hauptgerichte<\/h3>\n\n\n\n<blockquote class=\"wp-block-quote is-layout-flow wp-block-quote-is-layout-flow\">\n<p>S\u00fclze mit Bratkartoffeln<br>Schweinegulasch mit Nudeln<br>Fischfilet mit Reis und Salatbeilage<br>Schweinegulasch mit Rotkohl, Salzkartoffeln oder Kl\u00f6\u00dfen<br>Kasseler mit Sauerkraut und Salzkartoffeln<br>Zwei J\u00e4gerschnitzel (gebratene Jagdwurst) mit Kartoffelbrei<br>Schweinehaxe mit Sauerkraut und Salzkartoffeln<br>Bauernfr\u00fchst\u00fcck<\/p>\n<\/blockquote>\n\n\n\n<h3 class=\"wp-block-heading\">Pfannengerichte<\/h3>\n\n\n\n<blockquote class=\"wp-block-quote is-layout-flow wp-block-quote-is-layout-flow\">\n<p>Schnitzel mit Brot und Ei<br>Schnitzel mit Pilzen und Beilagen<br>Schnitzel mit Tomaten und K\u00e4se \u00fcberbacken, Gem\u00fcse und Beilage<br>Schweineschnitzel mit Letscho, Gem\u00fcse und Beilage<br>Schweineschnitzel mit Zwiebeln, Gem\u00fcse und Beilage<br>Schweineschnitzel mit Ananas und K\u00e4se \u00fcberbacken und Beilage<br>Schweineschnitzel mit W\u00fcrzfleisch und K\u00e4se \u00fcberbacken und Beilage<\/p>\n<\/blockquote>\n\n\n\n<h3 class=\"wp-block-heading\">F\u00fcr unsere kleinen G\u00e4ste<\/h3>\n\n\n\n<blockquote class=\"wp-block-quote is-layout-flow wp-block-quote-is-layout-flow\">\n<p>Pommes Frites mit Ketchup und Mayonnaise<br>Grie\u00dfbrei mit Fr\u00fcchten<br>Nudeln mit Tomatenso\u00dfe<br>Grillwurst mit Pommes Frites<br>Kleines Schnitzel mit Gem\u00fcse und Pommes Frites<\/p>\n<\/blockquote>\n\n\n\n<h3 class=\"wp-block-heading\">Beilagen<\/h3>\n\n\n\n<blockquote class=\"wp-block-quote is-layout-flow wp-block-quote-is-layout-flow\">\n<p>Salzkartoffeln<br>Pommes Frites<br>Kroketten<br>Herzoginkartoffeln<br>Bratkartoffeln<\/p>\n<\/blockquote>\n\n\n\n<h3 class=\"wp-block-heading\">Desserts<\/h3>\n\n\n\n<blockquote class=\"wp-block-quote is-layout-flow wp-block-quote-is-layout-flow\">\n<p>Fr\u00fcchte mit Sahne<br>Eisschokolade<br>Eisbecher mit Fr\u00fcchten und Sahne<\/p>\n<\/blockquote>\n\n\n\n<h2 class=\"wp-block-heading\">Getr\u00e4nke<\/h2>\n\n\n\n<p>Wir bieten verschiedene Biere vom Fa\u00df sowie aus der Flasche, regionale Weine, diverse S\u00e4fte und Limonaden, Ap\u00e9ritifs und Digestifs, hei\u00dfe Getr\u00e4nke wie Tee, Kakao und Kaffee und vieles mehr an.<\/p>\n","protected":false},"excerpt":{"rendered":"<p>Vorspeisen KnoblauchbrotW\u00fcrzleisch mit BrotToast \u00bbHawaii\u00ab Suppen Br\u00fche mit EiSoljanka mit BrotChampignoncremesuppe mit ToastTomatencemesuppe mit ToastGulaschsuppe mit ToastEintopf \u2014 nach Angebot Vegetarische Gerichte SalattellerToast \u00bbG\u00e4rtnerin\u00abBratnudeln mit EiKartoffelspalten mit Kr\u00e4uterquark F\u00fcr den kleinen Hunger Bockwurst mit BrotKnacker mit BrotCurrywurst mit Pommes\u00bbStrammer Max\u00abBauernplatte mit Hausschlachtewurst, Butter und Brot Hauptgerichte S\u00fclze mit BratkartoffelnSchweinegulasch mit NudelnFischfilet mit Reis und SalatbeilageSchweinegulasch [&hellip;]<\/p>\n","protected":false},"author":1,"featured_media":0,"parent":0,"menu_order":0,"comment_status":"closed","ping_status":"closed","template":"","meta":{"footnotes":""},"class_list":["post-46","page","type-page","status-publish","hentry"],"_links":{"self":[{"href":"https:\/\/landgasthaus-von-kalnassy.de\/index.php?rest_route=\/wp\/v2\/pages\/46","targetHints":{"allow":["GET"]}}],"collection":[{"href":"https:\/\/landgasthaus-von-kalnassy.de\/index.php?rest_route=\/wp\/v2\/pages"}],"about":[{"href":"https:\/\/landgasthaus-von-kalnassy.de\/index.php?rest_route=\/wp\/v2\/types\/page"}],"author":[{"embeddable":true,"href":"https:\/\/landgasthaus-von-kalnassy.de\/index.php?rest_route=\/wp\/v2\/users\/1"}],"replies":[{"embeddable":true,"href":"https:\/\/landgasthaus-von-kalnassy.de\/index.php?rest_route=%2Fwp%2Fv2%2Fcomments&post=46"}],"version-history":[{"count":2,"href":"https:\/\/landgasthaus-von-kalnassy.de\/index.php?rest_route=\/wp\/v2\/pages\/46\/revisions"}],"predecessor-version":[{"id":49,"href":"https:\/\/landgasthaus-von-kalnassy.de\/index.php?rest_route=\/wp\/v2\/pages\/46\/revisions\/49"}],"wp:attachment":[{"href":"https:\/\/landgasthaus-von-kalnassy.de\/index.php?rest_route=%2Fwp%2Fv2%2Fmedia&parent=46"}],"curies":[{"name":"wp","href":"https:\/\/api.w.org\/{rel}","templated":true}]}}