{"id":42,"date":"2023-07-01T19:15:51","date_gmt":"2023-07-01T17:15:51","guid":{"rendered":"http:\/\/localhost\/landgasthaus\/?page_id=42"},"modified":"2023-07-01T19:15:51","modified_gmt":"2023-07-01T17:15:51","slug":"galerie","status":"publish","type":"page","link":"https:\/\/landgasthaus-von-kalnassy.de\/?page_id=42","title":{"rendered":"Galerie"},"content":{"rendered":"\n<p>Hier sehen Sie einige Fotos aus dem Landgasthaus von Kalnassy sowie unserem Einkaufsl\u00e4dchen. Wir freuen uns immer \u00fcber Zusendungen weiterer sch\u00f6ner Fotos. Schicken Sie uns gerne eine Email mit Ihren Schnappsch\u00fc\u00dfen.<\/p>\n\n\n\n","protected":false},"excerpt":{"rendered":"<p>Hier sehen Sie einige Fotos aus dem Landgasthaus von Kalnassy sowie unserem Einkaufsl\u00e4dchen. Wir freuen uns immer \u00fcber Zusendungen weiterer sch\u00f6ner Fotos. Schicken Sie uns gerne eine Email mit Ihren Schnappsch\u00fc\u00dfen.<\/p>\n","protected":false},"author":1,"featured_media":0,"parent":0,"menu_order":0,"comment_status":"closed","ping_status":"closed","template":"","meta":{"footnotes":""},"class_list":["post-42","page","type-page","status-publish","hentry"],"_links":{"self":[{"href":"https:\/\/landgasthaus-von-kalnassy.de\/index.php?rest_route=\/wp\/v2\/pages\/42","targetHints":{"allow":["GET"]}}],"collection":[{"href":"https:\/\/landgasthaus-von-kalnassy.de\/index.php?rest_route=\/wp\/v2\/pages"}],"about":[{"href":"https:\/\/landgasthaus-von-kalnassy.de\/index.php?rest_route=\/wp\/v2\/types\/page"}],"author":[{"embeddable":true,"href":"https:\/\/landgasthaus-von-kalnassy.de\/index.php?rest_route=\/wp\/v2\/users\/1"}],"replies":[{"embeddable":true,"href":"https:\/\/landgasthaus-von-kalnassy.de\/index.php?rest_route=%2Fwp%2Fv2%2Fcomments&post=42"}],"version-history":[{"count":2,"href":"https:\/\/landgasthaus-von-kalnassy.de\/index.php?rest_route=\/wp\/v2\/pages\/42\/revisions"}],"predecessor-version":[{"id":44,"href":"https:\/\/landgasthaus-von-kalnassy.de\/index.php?rest_route=\/wp\/v2\/pages\/42\/revisions\/44"}],"wp:attachment":[{"href":"https:\/\/landgasthaus-von-kalnassy.de\/index.php?rest_route=%2Fwp%2Fv2%2Fmedia&parent=42"}],"curies":[{"name":"wp","href":"https:\/\/api.w.org\/{rel}","templated":true}]}}